 o**2/2 + 61*o - 5. What is the tens digit of r(0)?
6
Let a(i) be the second derivative of -13*i**3/3 + i**2/2 - 24*i. What is the hundreds digit of a(-5)?
1
Let h(v) = 9*v**2 - 36*v - 27. Let a(y) = 2*y**2 - 9*y - 7. Let k(o) = -21*a(o) + 5*h(o). What is the units digit of k(-5)?
2
Suppose 0*v + 5*v + 5*s = 4710, 2810 = 3*v - s. What is the tens digit of v?
3
Suppose -7 = y - 0*r - r, 71 = -5*y - 4*r. Let p = 10 + y. What is the tens digit of (26/2 + p)/1?
1
Let f(d) be the second derivative of -10*d**3/3 - 40*d**2 + 40*d. What is the tens digit of f(-8)?
8
Let a be (-10)/(-5) + 7 + -3. Let j be (-216)/15 - a/(-15). Let v = -7 - j. What is the units digit of v?
7
Let f(h) = -11*h - 61. What is the tens digit of f(-25)?
1
Let r be ((-44)/6)/(2/(-3)). Let f = r + -5. Let y = 14 + f. What is the tens digit of y?
2
Suppose -21 = -5*n - 6. Suppose 0 = -n*q - q + 20. Suppose 0 = q*v + 16 - 231. What is the tens digit of v?
4
What is the units digit of 239/((-4)/(144/(-9)))?
6
Let k = 23 + -19. Suppose -n - n = -k*l + 20, -3*l = n. Let x(f) = -5*f - 1. What is the units digit of x(n)?
9
What is the tens digit of (-97170)/(-42) + 24/(-42)?
1
Let s(h) = 165*h**2 + 29*h + 122. What is the thousands digit of s(-4)?
2
Let d = 170 - -351. What is the tens digit of d?
2
Suppose 6*d - 2110 = 1058. What is the tens digit of d?
2
Let b(i) = 37*i - 6. Let r(l) = l**3 - 3*l**2 + l - 1. Let x be r(3). What is the units digit of b(x)?
8
Suppose 4*d - 4*l - 2043 = -9*l, 0 = -2*d + 2*l + 1008. Let o = d - 298. What is the units digit of o?
9
Let g(z) be the third derivative of z**5/20 + 7*z**4/24 + 7*z**3/3 + 35*z**2. What is the tens digit of g(-5)?
5
Let z = 330 + -322. Let f(a) = 4*a**2 - 72*a + 35. Let v(j) = -j**2 + 18*j - 9. Let s(c) = 2*f(c) + 9*v(c). What is the units digit of s(z)?
9
What is the hundreds digit of 6/27 - (0 - (-1958)/(-18))?
1
Let v = 28 + -28. What is the tens digit of 9*(-7)/(4 - v - 5)?
6
Let x(n) = -n**3 + 15*n**2 + 25*n + 68. What is the tens digit of x(16)?
1
Suppose -2*z + 3*f + 134 + 563 = 0, 5*z = -2*f + 1752. What is the hundreds digit of z?
3
Let s be (14/(-3))/((-40)/(-180)). Let i = 77 + s. What is the units digit of i?
6
Let k(t) = -3*t**2 - 1 - 11*t + t**2 + 4*t**2 + 6. What is the tens digit of k(7)?
2
What is the tens digit of 4 + 15576/32 - 2/(-8)?
9
Let q be (5 - 70/15)/((-2)/(-12)). Suppose h - 3*t = 11, -q*h + 5*t - 19 = -5*h. What is the units digit of h?
8
Let m(o) = 2*o**3 - o**2 + 18*o - 20. What is the hundreds digit of m(6)?
4
Suppose u = -2*q + 1538, -26*q + 1534 = -24*q + 3*u. What is the hundreds digit of q?
7
Let o = 5186 - 3102. What is the units digit of o?
4
Let u(c) = 1 - 7*c**2 - 94*c**3 - 14*c**2 + 20*c**2. What is the tens digit of u(-1)?
9
Let p(g) = -g**3 + 8*g**2 + 10*g - 10. Let m be p(9). What is the units digit of ((-2)/4)/(m/456*2)?
4
Suppose 263 = 9*o + 803. Let a = -28 - o. What is the units digit of a?
2
Let b be (-4)/6*11/((-22)/15). Suppose b*o = -25, 115 - 509 = -4*a - 2*o. What is the tens digit of a?
0
Let m = 2 - 10. Let c be (-2)/m + 1455/(-60). Let s = 40 + c. What is the units digit of s?
6
Let r = -267 - -591. What is the units digit of r?
4
Let y be (16/(-12))/((-5)/(-105)). Suppose 0 = -2*g + 5*g + 69. Let o = g - y. What is the units digit of o?
5
Suppose 0 = 28*y - 16*y - 5328. What is the tens digit of y?
4
Suppose -3*f + 21 - 60 = 0. Let g(t) = -t**2 - 8*t + 21. Let h be g(-10). Let c = h - f. What is the tens digit of c?
1
Suppose -3*h + 4*h - 3 = 0. Suppose -y = a + 20, -h*y - 62 = 2*a + 2*a. Let w = y + 62. What is the units digit of w?
4
Let k = -620 + 1167. What is the tens digit of k?
4
Suppose 5*v - 3 = -2*d, 5*d - 25 = -v + 6*v. Let c be (-1 - -1)*(-1)/2. Suppose -j + d*j - 102 = c. What is the units digit of j?
4
Let z(h) = 12*h**2 - 2*h + 1. What is the units digit of z(-12)?
3
Suppose -4284 = -16*q + 3572. What is the hundreds digit of q?
4
Let b(v) = -114*v - 57. What is the tens digit of b(-9)?
6
What is the units digit of (7 + -8)*-773 + -6?
7
Let h be (-28)/3*684/(-24). Suppose 9 + 0 = 3*x, -2*x = 5*f - h. What is the units digit of f?
2
Suppose -3*w = -8 - 13. Let x = 4 + w. Suppose -x*f = -6*f - 105. What is the units digit of f?
1
Let z = 55 - -1373. What is the tens digit of z?
2
Let k(y) = 2*y**2 - 16*y - 29. What is the units digit of k(-5)?
1
Let f(y) = -y**3 + 13*y**2 - 5*y - 20. Suppose -36 = -9*i + 6*i - r, 3*i + 2*r - 36 = 0. What is the units digit of f(i)?
4
Suppose -4*n - 1 = -37. Suppose m = 47 - n. Suppose m + 62 = 4*p. What is the units digit of p?
5
Let q(h) = -4*h + 4. Let j be (-8)/(-4)*(0 + 1). Let m be -10 - (-3 - (-2 + j)). What is the units digit of q(m)?
2
Let j(n) = 18*n**3 - 7*n**2 + 8*n - 22. What is the hundreds digit of j(4)?
0
Suppose 19*s - 2037 = 12*s. What is the tens digit of s?
9
Suppose 5 = 3*m + 5. Suppose 4*d + 70 = 2*v, -2*v - 3*d + 10 + 32 = m. What is the units digit of v?
7
Suppose 0 = -7*h + 5*h + 10. Let u = 15 - h. What is the tens digit of u?
1
Let i(l) = 30*l**3 - 8*l**2 + 7*l - 5. Let b be i(5). Let u be b/90 + (-4)/(-18). Suppose 5*k + 3*m = u + 45, -4*k + 31 = -5*m. What is the tens digit of k?
1
Suppose t - 2*n + 16 = 0, 2*t - n + 12 = -11. Let i be 44/t + 8/20. What is the units digit of 88*(28/(-8) - i)?
4
Suppose -x = 3*l + 244, -3*l + 2*l = 3*x + 68. Let b = 199 + l. What is the tens digit of b?
1
Suppose -12*v + 4*v + 1208 = 0. Suppose -v - 189 = -4*t. What is the units digit of t?
5
Let c(t) = -2*t + 4*t - t**3 + 23*t**2 - 16 - 14*t**2 + 4*t. What is the hundreds digit of c(7)?
1
What is the units digit of ((-5)/(-15))/((-9)/(-102438))?
4
Let o = -50 - -98. Let y = 197 - o. What is the hundreds digit of y?
1
Let k(o) = -o**3 + 12*o**2 + o + 14. Let c be k(12). Let m = c - 19. Let q = m + 3. What is the units digit of q?
0
What is the thousands digit of (-2)/8 + 147232/128?
1
Let r be (3 + -4 - 48)/(-1). Let j be 14/r - (-37)/(-7). What is the units digit of (-39)/j + 6/30?
8
Let u(q) = 587*q + 29. What is the units digit of u(3)?
0
Let n(m) = m**3 - 5*m + 5. Let w be n(2). Suppose 0 = -4*i - 2*t + 720, 0 = 5*i + 2*t + w*t - 895. What is the units digit of i?
1
Suppose 0*g + 27*g = 34047. What is the hundreds digit of g?
2
Let l be 6*13/2 + 0. Let z = -102 - -106. Suppose 0 = -z*x + x + l. What is the units digit of x?
3
Suppose -6*a - 60 = -1290. What is the tens digit of a?
0
Let y(p) = p**3 - p - 1. Let r be y(2). Let t = 7 - r. Suppose -t*c + 41 - 2 = -5*n, 0 = -5*c + 4*n + 89. What is the units digit of c?
7
Let w = 1 + -2. Let o(h) = 18*h**3 - 31*h**3 + 1 - 2. What is the units digit of o(w)?
2
Let n(y) be the second derivative of y**5/20 + y**4/6 - y**3/2 + 3*y**2/2 + 7*y. What is the units digit of n(-3)?
3
Let j be (-5)/(-2)*(-66)/(-15). Let r be (2 - 5)/(j/(-187)). Let w = -11 + r. What is the tens digit of w?
4
Let d(s) = 8*s**2 + 62*s + 2. What is the units digit of d(-14)?
2
Suppose 9*q - 13*q = 156. What is the tens digit of q/2*98/(-21)?
9
Let z be -80*((-2 - 4) + 4). Suppose 43*p - 47*p + z = 0. What is the tens digit of p?
4
Suppose 0 = -2*p + 624 + 216. Suppose 0 = -0*x + 10*x - p. What is the units digit of x?
2
Let x(t) = 46 + 5*t**3 - 5*t**3 - t + t**3. What is the units digit of x(0)?
6
Suppose -8*a = -5*a + 30. What is the units digit of 105*((-6)/15 - 8/a)?
2
Suppose -5*d = 5*c - c + 32, -4*c + d = 8. What is the units digit of 564/9 + 2/c?
2
Suppose f = -4, 0*b + b + f = 56. Suppose -3*v + 5*k + 141 = 0, -2*k - b = -v - 14. What is the tens digit of v?
5
Let t = -32 - -35. Suppose -5*y + 25 = 3*u - u, -3*y + t*u = 6. What is the units digit of y?
3
Let q = -5 + -1. Let b be (-4)/q - (-95)/15. Suppose -b + 19 = 2*d. What is the units digit of d?
6
Let a(s) = 24*s**3 - 2*s**2 - 3*s - 2. Let c be a(-1). Let z = c + 50. What is the tens digit of z?
2
Let q = 9 + 699. What is the units digit of q?
8
Let k(i) = 3*i - 13. Let p be k(4). Let a be (2 + p)/((-7)/(-21)). What is the units digit of -4*(-6 + -2 + a)?
0
Suppose d = -6*d + 126. Let s = d - 17. What is the units digit of s?
1
Let z = -14 + 186. What is the units digit of z?
2
Let z = 136 + 12. What is the hundreds digit of z?
1
Let j = -4257 - -6305. What is the units digit of j?
8
Suppose 1043*p - 1037*p - 5190 = 0. What is t